*j + 0 - j. Give f(n).
7
Let o(n) = 9*n - 17. Let i(q) = q - 2. Let y(p) = -51*i(p) + 6*o(p). Suppose -2 - 10 = -3*m. Let v(b) = -2*b. Let r(f) = m*v(f) + 3*y(f). What is r(-1)?
-1
Let b(f) = -97*f - 1 - f**3 - 3*f**2 - 4*f**2 + 91*f. Give b(-6).
-1
Let r(x) = -4*x - 15 + 25*x - 20*x. What is r(11)?
-4
Let d = -6 + 9. Suppose 4*h + 3*l = 20, -2*h + d*l = -2*l + 16. Let z(o) = -5*o. Let t(a) = -a - 1. Let i(u) = 3*t(u) - z(u). Calculate i(h).
1
Let l(u) = u + 12. Let b be -9*(-1)/(-2)*(-8)/(-6). Give l(b).
6
Let k(a) = 10*a + 52. Let t(x) = -3*x - 17. Let v(i) = -2*k(i) - 7*t(i). Give v(0).
15
Let r(h) = -h**2 - 6*h + 4. Suppose 0 = 2*s - s. Let v be s + 3 - (-24)/8. Let z be v/(-1 - 0)*1. What is r(z)?
4
Let o be (-2)/(-1) + 2*-1. Let b be (0 - o)/(2/(-2)). Let k(a) = -a + 3. Let w(f) = -2*f + 6. Let u(v) = -9*k(v) + 4*w(v). What is u(b)?
-3
Suppose 0 = -o + 4, 2*l - 4*o - 9 = -37. Let v be (-12 + 3)*2/l. Let t(j) = -j**3 + 2*j**2 + 2*j - 1. Give t(v).
-4
Let b = 8 + -8. Let l(q) = q - 1 - 4*q**3 + 4*q**3 - q**3. What is l(b)?
-1
Let v(u) = -u**3 + 7*u**2 + u - 7. Let y be 185/25 - (-2)/(-5). Determine v(y).
0
Let b(m) = 4*m**3 + 3*m**2 + m + 4. Let v(s) = -s**3 - s**2 - s - 1. Let t(z) = -b(z) - 3*v(z). What is t(-2)?
3
Let t be (-3 - -2) + -1 + 8. Let b(m) = -m**3 + 5*m**2 + 6*m - 1. What is b(t)?
-1
Let o(k) = -4*k**2 - 8*k + 10. Let p(v) = -11*v**2 - 23*v + 28. Let n(j) = -8*o(j) + 3*p(j). What is n(-4)?
8
Suppose 0 = -3*f + 4*f. Let n = -2 - f. Let g be (n/(-2))/((-1)/(-5)). Let x(r) = r**2 - 4*r. Give x(g).
5
Suppose -t - 17 = -3*l - 6, 0 = 4*l - 4*t - 28. Let d(s) = s**3 - 4*s**2 + 3*s. Give d(l).
-2
Let m(i) = -3*i**3 - i**2 - i. Suppose 0 = -3*j + j - 2. Give m(j).
3
Suppose 0 = k - 3*k + 8. Let q(u) = u**2 - 8*u + 5. Let o(h) = -h**2 + 9*h - 5. Let z(v) = 3*o(v) + 4*q(v). Give z(k).
1
Suppose 2*u + 2 = 3*u. Let f(l) be the second derivative of -2*l - 2*l**u + 0 + 5/6*l**3 + 1/12*l**4 - 1/20*l**5. Calculate f(3).
-7
Let i be 6/(-1)*(2 + -1). Let c = 4 + i. Let b = c - -3. Let w(u) = 2*u**2 + u - 1. Give w(b).
2
Suppose -3*t + t = -18. Let i(o) = o**3 - 9*o**2 + o - 4. Give i(t).
5
Let n(b) be the first derivative of 4 + 2*b - 1/2*b**2 - 1/4*b**4 + 1/3*b**3. What is n(2)?
-4
Let a(b) be the third derivative of 7*b**4/24 - b**3/6 + 2*b**2. Give a(-1).
-8
Let c(v) = 5*v - 6. Let r(a) = 1. Let l(w) = -c(w) - 4*r(w). Let d(b) = 2*b - 6 - 3 + 0*b. Let i be d(6). Calculate l(i).
-13
Suppose -3*k = 2*k. Let a(w) = k + 5*w**2 + 1 - w - w**3 - 3*w. Determine a(3).
7
Suppose 0 = -a - 2*a + 18. Let m(d) = d**3 - 7*d**2 + 4*d + 5. What is m(a)?
-7
Let k be ((-4)/3)/((-2)/3). Suppose c - 2*z = 5*c, 0 = -c - z - k. Let v(q) = -c*q + 10 - q**3 - 3 + 4*q**2 + q**2. What is v(5)?
-3
Let f(p) = -2*p**2 + p**2 + 0*p - 2*p. Let g = -19 + 13. Let x be g*(0 + 1/2). Determine f(x).
-3
Let q(f) = -4*f**3 + f**2 + f. Let z(m) = m**2 + 4*m - 4. Let h be z(-5). Let t be 1*2 - (0 + h). Let c be (2 - 1)*(t - 2). Determine q(c).
4
Suppose 4*a - 4 = 3*a, 2*x - 2*a + 8 = 0. Let c(n) = n**3 - n**3 - n**2 - 12 + 4 + n**3. Determine c(x).
-8
Let g = -38 - -42. Let c(v) = v - 4. What is c(g)?
0
Let h(f) = f**2 - f - 1. Let d(k) = 5*k**2 - 2*k - 5. Let l(q) = -d(q) + 6*h(q). Give l(5).
4
Let k be (-42)/(-10) + 5/(-25). Let q(p) = p. Give q(k).
4
Let p(c) = -c**2 - 4*c - 4. Let q(o) = -o**2 + 10*o - 8. Let r be q(9). Let t be r/5 - 126/30. Give p(t).
-4
Suppose 0 = 3*b + b + 8. Let i = 9 + -6. Let f(s) = s + 1. Let t(d) = 2*d + 2. Let g(m) = b*t(m) + i*f(m). Give g(-4).
3
Let j(f) = f**2 - 3. Suppose 4*n - 5*q = 4 + 4, 4*q = -5*n + 10. Let s = -126 - -128. Suppose -s*x = n*x - 4*h - 4, -3*h - 9 = -5*x. Give j(x).
6
Let v = 1 - 3. Let j = v - -4. Let x(u) be the third derivative of u**6/120 - u**5/15 + u**4/8 - u**3/2 + u**2. What is x(j)?
-5
Let k(r) = 15*r + 2. Let n(h) = 13*h + 2. Let p(d) = -6*k(d) + 7*n(d). Calculate p(3).
5
Let v(x) = 7*x + 9. Let k(a) = 6*a + 8. Let n(z) = -6*k(z) + 5*v(z). Give n(-4).
1
Let m be (-16)/(-7) + (-2)/7. Suppose -5*k = -3*c - 13, -3*k + c = 5*c - 2. Let z(r) = 3 + r**3 - r**2 - k*r + 0*r**3 + 0. What is z(m)?
3
Let p(l) = -l**2 + l - 1. Suppose -4*z + 0*z = 0. Let k be z/(0/(-2) - 1). Calculate p(k).
-1
Let k(b) = -b**3 + 5*b**2 - 3*b + 3. Suppose -5*p - 20 = -3*h, 12 = -2*h + 2. Let c = 11 + p. Determine k(c).
7
Suppose 4*m - 2 = 6*m. Let s(f) = -6*f**3 + 1. Give s(m).
7
Suppose 3*w - 3 = u - 2*w, 4*u + 12 = -w. Let j(y) be the third derivative of 0*y - 1/24*y**4 + 0 + 1/6*y**3 + 3*y**2. Determine j(u).
4
Suppose 3*m - 3 = -3*l + 6*m, -m = -2*l. Let g(a) = -a - 3. Let w be g(-5). Let c(o) = 1 + 2*o - 2*o - 11*o**w + 2*o + 0*o. Determine c(l).
-12
Let v(j) = j**2 - j + 1. Suppose 6 + 0 = 2*n. What is v(n)?
7
Let y(s) = s**3 - 6*s**2 - 7*s - 1. Let j be y(7). Let u be 4*j*3/(-6). Let r(f) = -2*f**2 + 4*f**u - 4*f + 0 + 2. Determine r(3).
8
Let y(h) = 5*h**3 + 5*h**2 + 4*h + 28. Let o = -6 - -15. Let z(i) = -i**3 - i**2 - i - 7. Let n(g) = o*z(g) + 2*y(g). What is n(0)?
-7
Let v = -1 - -3. Suppose -v = p + p. Let j(n) = -3*n. Let r(c) = -10*c. Let h(t) = -7*j(t) + 2*r(t). Give h(p).
-1
Let f(w) be the second derivative of w**6/360 - w**5/20 - 3*w**4/8 - 5*w**3/6 + w. Let q(b) be the second derivative of f(b). What is q(7)?
-2
Let s = 0 + 0. Suppose 3*h + s = -4*d - 7, -2*d + h + 9 = 0. Suppose 0 = -4*m - o + d + 9, 3*m - 2*o = 0. Let l(i) = -2*i**2 + 2*i + 1. Calculate l(m).
-3
Let n be (2/3)/((-4)/(-18)). Let t = -1 + 5. Let q(m) = m**2 - 6 + 4*m - t + n. Calculate q(-5).
-2
Suppose -15 = 5*v + 10. Let f(h) = -3 - 3*h + 3*h + 7 + 2*h. Determine f(v).
-6
Let k(r) be the third derivative of -1/12*r**5 - 1/6*r**3 - 1/120*r**6 + 0 + r**2 - 1/6*r**4 + 0*r. Suppose 9*a = 4*a + 10, c = 3*a - 10. What is k(c)?
-1
Suppose -4*b = 3*f - 10, 2 + 4 = -3*f. Suppose 0 = -2*y - 3*v - 8 - 12, 2*y + b*v = -24. Let i(l) = -l**2 - 7*l - 5. Calculate i(y).
7
Let v(u) = -4*u**3 + 7*u**2 + 6*u - 7. Let r(h) = -h**2 - h + 1. Let t(y) = 6*r(y) + v(y). Give t(1).
-4
Let m(k) = 7 + 3*k**3 - k**3 + k - k**3 + 6*k**2 - 2*k**3. What is m(6)?
13
Suppose h - 3*h = s + 5, -4*s = -h + 11. Let x(t) = t**2 + t + 1. What is x(h)?
1
Let a(g) = 17*g**2 + 3*g - 1 + 20*g**2 + 19*g**2 - 55*g**2. Calculate a(-4).
3
Let v(q) = -q**3 + 8*q**2 - 7*q - 3. Let w(s) = 2*s**3 - 15*s**2 + 13*s + 5. Let o(t) = 5*v(t) + 3*w(t). Let y be (10/30)/(2/24). What is o(y)?
0
Let r(p) be the second derivative of p**4/2 - p**2/2 + 6*p. Give r(1).
5
Let w = -12 - -15. Let h(d) = -d**3 + 2*d**2 + d + 4. What is h(w)?
-2
Suppose 3*t + 0 = 27. Suppose 5 = -2*r + t. Let k(g) = 0*g - g - g. Give k(r).
-4
Suppose 4*v + 22 = 4*i - 2, -2 = -v + 5*i. Let f(o) = -o**3 - 7*o**2 + 7*o - 7. Determine f(v).
1
Let j(q) = -q**3 + 3*q**2 + 1. Suppose 6*b - 15 = 3*b. Let m(r) = -r**3 + 6*r**2 - 5*r + 2. Let a be m(5). Let v = b - a. What is j(v)?
1
Let k = -2 - -4. Let c(p) be the second derivative of -3/2*p**2 + 1/20*p**5 + k*p - 1/2*p**3 + 0 + 1/6*p**4. Give c(-3).
-3
Let k(o) = o**2 - 4*o - 8. Let y be k(6). Suppose -p + 17 = 5*s - y, -3 = -3*p - 3*s. Let h(z) = z**2 + 2*z - 4. Calculate h(p).
4
Suppose 0 = -5*b - 35 + 5. Let f(j) = -j - 1. Determine f(b).
5
Let n be 9/(81/(-6)) + 20/3. Let h(x) = 7*x - 6. Let q(j) = j + 1. Let f(d) = -h(d) + 6*q(d). Calculate f(n).
6
Let i(d) = -d**3 - 5*d**2 - 4. Let j = 20 - 25. What is i(j)?
-4
Let m(t) = t**2 - 2*t - 6. Let d be m(4). Let u(a) = -a**3 + 3*a**2 - 2*a + 2. Give u(d).
2
Let n(o) = 5*o + 0*o - 4*o - 1 - o**2. Let x = 1 + -1. What is n(x)?
-1
Suppose m = -3*h + 7, -3*h + 10*m + 19 = 5*m. Let o(w) = 3*w - 4. Let y(x) = 10*x - 12. Let j(d) = -7*o(d) + 2*y(d). Determine j(h).
1
Suppose -25 = 5*n, -3*g - n - 4*n = 13. Let i = 5 - g. Let d(x) = -x**2 - 7 - 5*x + 1 + i. Calculate d(-5).
-5
Let h(m) = m**3 + m**2 - m. Let i be h(0). Let u(r) = r + 1 + 2 - r**2 + i*r**2. What is u(3)?
-3
Let o(b) = -b**3 + 4*b**2 - b - 2. Suppose -3*z = -2*p - 4, 3*z = -2*p + p + 16. Calculate o(p).
-6
Let j(h) = -h**3 + 4*h**2 - h + 5. Let n(u) = -u**3 + 6*u**2 - 5*u + 4. Let a(f) = -3*f**2 + f + 1. Let g be a(-1). Let w = g - -8. Let b be n(w). What is j(b)?
1
Let w(o) = o**2 - 9*o + 7. Let t be w(6). Let l = t - -9. Let k(z) = -4*z + 2. Determine k(l).
10
Let g(r) = 4*r**2 + 2*r - 